{"id":5128,"date":"2023-05-18T15:52:30","date_gmt":"2023-05-18T13:52:30","guid":{"rendered":"https:\/\/www.tenutaantonini.it\/?post_type=product&#038;p=5128"},"modified":"2026-04-01T13:32:07","modified_gmt":"2026-04-01T11:32:07","slug":"trebbiano-abruzzo-tenuta-antonini","status":"publish","type":"product","link":"https:\/\/www.tenutaantonini.it\/?product=trebbiano-abruzzo-tenuta-antonini","title":{"rendered":"Lutum &#8211; Trebbiano d\u2019Abruzzo"},"content":{"rendered":"<p><strong>Annata<\/strong><br \/>\n2025<\/p>\n<p><strong>Tipologia<br \/>\n<\/strong>Trebbiano d\u2019Abruzzo DOC<\/p>\n<p><strong>Vitigni<br \/>\n<\/strong>Trebbiano 100%<\/p>\n<p><strong>Vigneti<br \/>\n<\/strong>Di propriet\u00e0, nei colli ancaranesi, allevati a filari guyot<\/p>\n<p><strong>Suolo<br \/>\n<\/strong>Argilloso e calcareo<\/p>\n<p><strong>Vinificazione<br \/>\n<\/strong>Macerazione a freddo del pigiato, pigiatura soffice, fermentazione in acciaio a temperatura controllata<\/p>\n<p><strong>Affinamento<br \/>\n<\/strong>Breve in bottiglia<\/p>\n<p><strong>Stile<br \/>\n<\/strong>Rinfrescante, sapido e floreale<\/p>\n<p><strong>Caratteristiche Organolettiche<br \/>\n<\/strong>Colore giallo scarico. Delicate note floreali si fondono a ampi profumi di frutta fresca. Di buona struttura, morbido e delicato<\/p>\n<p><strong>Premi<\/strong><br \/>\n<strong>2023<\/strong><br \/>\nBerliner Wine Trophy \u2013 Gold Mondus Vini Gold<br \/>\nDecanter \u2013 Silver<br \/>\nGardini Notes \u2013 92+<br \/>\nMundus Vini \u2013 Gold<br \/>\nMigliori Vini Italiani Luca Maroni<br \/>\n<strong>2024<\/strong><br \/>\nGardini Notes \u2013 94<br \/>\nJames Suckling \u2013 90 Points<\/p>\n<p><img fetchpriority=\"high\" decoding=\"async\" class=\"alignnone size-full wp-image-7735\" src=\"https:\/\/www.tenutaantonini.it\/wp-content\/uploads\/2023\/05\/er_RT-LUTUM-TREBBIANO-DOC.jpg\" alt=\"\" width=\"600\" height=\"794\" srcset=\"https:\/\/www.tenutaantonini.it\/wp-content\/uploads\/2023\/05\/er_RT-LUTUM-TREBBIANO-DOC.jpg 600w, https:\/\/www.tenutaantonini.it\/wp-content\/uploads\/2023\/05\/er_RT-LUTUM-TREBBIANO-DOC-227x300.jpg 227w\" sizes=\"(max-width: 600px) 100vw, 600px\" \/><\/p>\n","protected":false},"excerpt":{"rendered":"<p>Superare l\u2019idea del \u201cgrande classico\u201d, cos\u00ec tanto uguale a s\u00e9 stesso da diventare banale. Andare oltre il pregiudizio, legato all\u2019idea di un vino tanto storico da apparire scontato. Essere in grado di mostrare nuovi dettagli e sfumature sensoriali. Chi \u00e8 pronto a lasciarsi sorprendere pu\u00f2 ritrovare tutto questo e molto di pi\u00f9 nel nostro Trebbiano.<\/p>\n<div class=\"abbinamento-div\"><strong>Perfetto con <\/strong><img decoding=\"async\" class=\"alignnone size-full wp-image-5250\" src=\"https:\/\/www.tenutaantonini.it\/wp-content\/uploads\/2023\/05\/Abbinamenti_Trebbiano-24-Carati-Bianco-01.png\" alt=\"\" width=\"120\" height=\"36\" \/><\/div>\n<p><strong>Formato<\/strong>: 750 ml<br \/>\n<strong>Anno<\/strong>: 2024<\/p>\n","protected":false},"featured_media":7153,"template":"","meta":{"_acf_changed":false},"product_brand":[],"product_cat":[65],"product_tag":[],"class_list":{"0":"post-5128","1":"product","2":"type-product","3":"status-publish","4":"has-post-thumbnail","6":"product_cat-vini-bianchi","8":"first","9":"instock","10":"sale","11":"shipping-taxable","12":"purchasable","13":"product-type-simple"},"acf":[],"_links":{"self":[{"href":"https:\/\/www.tenutaantonini.it\/index.php?rest_route=\/wp\/v2\/product\/5128","targetHints":{"allow":["GET"]}}],"collection":[{"href":"https:\/\/www.tenutaantonini.it\/index.php?rest_route=\/wp\/v2\/product"}],"about":[{"href":"https:\/\/www.tenutaantonini.it\/index.php?rest_route=\/wp\/v2\/types\/product"}],"wp:featuredmedia":[{"embeddable":true,"href":"https:\/\/www.tenutaantonini.it\/index.php?rest_route=\/wp\/v2\/media\/7153"}],"wp:attachment":[{"href":"https:\/\/www.tenutaantonini.it\/index.php?rest_route=%2Fwp%2Fv2%2Fmedia&parent=5128"}],"wp:term":[{"taxonomy":"product_brand","embeddable":true,"href":"https:\/\/www.tenutaantonini.it\/index.php?rest_route=%2Fwp%2Fv2%2Fproduct_brand&post=5128"},{"taxonomy":"product_cat","embeddable":true,"href":"https:\/\/www.tenutaantonini.it\/index.php?rest_route=%2Fwp%2Fv2%2Fproduct_cat&post=5128"},{"taxonomy":"product_tag","embeddable":true,"href":"https:\/\/www.tenutaantonini.it\/index.php?rest_route=%2Fwp%2Fv2%2Fproduct_tag&post=5128"}],"curies":[{"name":"wp","href":"https:\/\/api.w.org\/{rel}","templated":true}]}}