{"id":7879,"date":"2023-05-18T15:53:10","date_gmt":"2023-05-18T13:53:10","guid":{"rendered":"https:\/\/www.tenutaantonini.it\/prodotto\/p-121-dogc-montepulciano-dabruzzo\/"},"modified":"2026-04-01T13:38:45","modified_gmt":"2026-04-01T11:38:45","slug":"p-121-dogc-montepulciano-dabruzzo","status":"publish","type":"product","link":"https:\/\/www.tenutaantonini.it\/?product=p-121-dogc-montepulciano-dabruzzo","title":{"rendered":"P.121 &#8211; DOGC Montepulciano d\u2019Abruzzo"},"content":{"rendered":"<p><strong>Jahrgang<\/strong><br \/>\n2024<\/p>\n<p><strong>Trauben<\/strong><br \/>\nMontepulciano D\u2019Abruzzo D.O.C.G.<\/p>\n<p><strong>Weinberge<\/strong><br \/>\nAlte Weinberge in den Ancarano-H\u00fcgeln, in Guyot-Reihen erzogen<\/p>\n<p><strong>Boden<\/strong><br \/>\nDie B\u00f6den weisen vielf\u00e4ltige und komplexe morphologische Eigenschaften auf, wobei kalkhaltige Bereiche, die reich an Mergel und Ton sind, stark vertreten sind. Sie liegen auf einer H\u00f6he von 294 Metern \u00fcber dem Meeresspiegel und sind nach West\/S\u00fcdwest ausgerichtet.<\/p>\n<p><strong>Pflanzdichte<\/strong><br \/>\n4700 Rebst\u00f6cke\/ha<\/p>\n<p><strong>Weinherstellung<\/strong><br \/>\nDie Trauben werden ausschlie\u00dflich von Hand gelesen und anschlie\u00dfend selektiert. Sehr sanftes Pressen und Entrappen der Trauben und anschlie\u00dfende G\u00e4rung in Stahl bei kontrollierter Temperatur<\/p>\n<p><strong>Verfeinerung<\/strong><br \/>\nDer Wein wird in mittelstark getoastete Tonneaux aus franz\u00f6sischer Eiche gef\u00fcllt, dann f\u00fcr die Abf\u00fcllung vorbereitet und anschlie\u00dfend in der Flasche weiter verfeinert.<\/p>\n<p><strong>Organoleptische Eigenschaften<\/strong><br \/>\nIntensive rubinrote Farbe mit leicht violetten Reflexen, die mit zunehmendem Alter ins Granatrot tendiert. Die Aromen sind die von roten Fr\u00fcchten und der Wein ist intensiv und \u00e4therisch in der Nase. Am Gaumen ist der Geschmack der Weine trocken, richtig tanninhaltig, harmonisch und samtig.<\/p>\n<p><strong>Auszeichnung<br \/>\n<\/strong>P. 121 2022<br \/>\n\u2022 92 Points JamesSuckling.com<br \/>\n\u2022 Luca Gardini 94+ Ninety &#8211; Four\/100<br \/>\n\u2022 EXPOVINA Zurich Silver 2023 Wine Trophy<br \/>\n\u2022 Premio Nazionale Etichetta D\u2019oro 2023 Comune di Cupra Marittima<br \/>\n\u2022 Mundus Vini GOLD Meininger 2023<br \/>\n\u2022 Decanter 2023 Silver<br \/>\n\u2022 I migliori Vini Italiani Luca Maroni<br \/>\n\u2022 27 Berlin Wine Trophy Gold 2023<br \/>\n\u2022 Zosimo Wine Critic 91 Points Silver Medal 2025 &#8211; 2026<br \/>\n\u2022 Falstaff Abruzzo, Marche, Molise Trophy 2025 93 Points<\/p>\n<p>P. 121 2021<br \/>\nBerliner Wine Trophy \u2013 GOLD<br \/>\nMondus Vini Gold<\/p>\n<p><img fetchpriority=\"high\" decoding=\"async\" class=\"alignnone size-full wp-image-7753\" src=\"https:\/\/www.tenutaantonini.it\/wp-content\/uploads\/2023\/05\/ET-P-121-MONTEPULCIANO-COLLINE-TERAMANE-750-ml.jpg\" alt=\"\" width=\"1200\" height=\"550\" srcset=\"https:\/\/www.tenutaantonini.it\/wp-content\/uploads\/2023\/05\/ET-P-121-MONTEPULCIANO-COLLINE-TERAMANE-750-ml.jpg 1200w, https:\/\/www.tenutaantonini.it\/wp-content\/uploads\/2023\/05\/ET-P-121-MONTEPULCIANO-COLLINE-TERAMANE-750-ml-300x138.jpg 300w, https:\/\/www.tenutaantonini.it\/wp-content\/uploads\/2023\/05\/ET-P-121-MONTEPULCIANO-COLLINE-TERAMANE-750-ml-1024x469.jpg 1024w, https:\/\/www.tenutaantonini.it\/wp-content\/uploads\/2023\/05\/ET-P-121-MONTEPULCIANO-COLLINE-TERAMANE-750-ml-768x352.jpg 768w, https:\/\/www.tenutaantonini.it\/wp-content\/uploads\/2023\/05\/ET-P-121-MONTEPULCIANO-COLLINE-TERAMANE-750-ml-600x275.jpg 600w\" sizes=\"(max-width: 1200px) 100vw, 1200px\" \/><\/p>\n","protected":false},"excerpt":{"rendered":"<p>Ein Rotwein soll warm sein, Leidenschaft wecken, vollmundig, rund und wichtig sein. Alles Eigenschaften, die Montepulciano d\u2019Abruzzo auszeichnen, insbesondere in seiner DOCG-Version.<br \/>\nDie f\u00fcr die Herstellung von P121 verwendeten Trauben werden aus den alten Weinbergen in den Ancarano-H\u00fcgeln geerntet und von Hand ausgew\u00e4hlt \u2013 ein Ausdruck des starken und intensiven Charakters unseres Territoriums.<br \/>\nZur Reifung wird er in Eichentonneaux gelagert, sodass das Holz einzigartige Aromen und D\u00fcfte freisetzt.<br \/>\nMit einem Schluck verloren gehen.<\/p>\n<div class=\"abbinamento-div\"><strong>Perfekt mit <\/strong><img decoding=\"async\" class=\"alignnone size-full wp-image-5250\" src=\"https:\/\/www.tenutaantonini.it\/wp-content\/uploads\/2023\/05\/Abbinamenti_24-Carati-Rosso-P121-01.png\" alt=\"\" width=\"60\" height=\"36\" \/><\/div>\n<p><strong>Jahr<\/strong>: 2021<br \/>\n<strong>Format<\/strong>: 750 ml<\/p>\n","protected":false},"featured_media":7152,"template":"","meta":{"_acf_changed":false},"product_brand":[],"product_cat":[72],"product_tag":[],"class_list":{"0":"post-7879","1":"product","2":"type-product","3":"status-publish","4":"has-post-thumbnail","6":"product_cat-nicht-kategorisiert","8":"first","9":"instock","10":"sale","11":"shipping-taxable","12":"purchasable","13":"product-type-simple"},"acf":[],"_links":{"self":[{"href":"https:\/\/www.tenutaantonini.it\/index.php?rest_route=\/wp\/v2\/product\/7879","targetHints":{"allow":["GET"]}}],"collection":[{"href":"https:\/\/www.tenutaantonini.it\/index.php?rest_route=\/wp\/v2\/product"}],"about":[{"href":"https:\/\/www.tenutaantonini.it\/index.php?rest_route=\/wp\/v2\/types\/product"}],"wp:featuredmedia":[{"embeddable":true,"href":"https:\/\/www.tenutaantonini.it\/index.php?rest_route=\/wp\/v2\/media\/7152"}],"wp:attachment":[{"href":"https:\/\/www.tenutaantonini.it\/index.php?rest_route=%2Fwp%2Fv2%2Fmedia&parent=7879"}],"wp:term":[{"taxonomy":"product_brand","embeddable":true,"href":"https:\/\/www.tenutaantonini.it\/index.php?rest_route=%2Fwp%2Fv2%2Fproduct_brand&post=7879"},{"taxonomy":"product_cat","embeddable":true,"href":"https:\/\/www.tenutaantonini.it\/index.php?rest_route=%2Fwp%2Fv2%2Fproduct_cat&post=7879"},{"taxonomy":"product_tag","embeddable":true,"href":"https:\/\/www.tenutaantonini.it\/index.php?rest_route=%2Fwp%2Fv2%2Fproduct_tag&post=7879"}],"curies":[{"name":"wp","href":"https:\/\/api.w.org\/{rel}","templated":true}]}}