{"id":8010,"date":"2023-05-18T15:52:45","date_gmt":"2023-05-18T13:52:45","guid":{"rendered":"https:\/\/www.tenutaantonini.it\/prodotto\/24-carati-bianco\/"},"modified":"2026-04-01T13:37:26","modified_gmt":"2026-04-01T11:37:26","slug":"24-carati-bianco-3","status":"publish","type":"product","link":"https:\/\/www.tenutaantonini.it\/?product=24-carati-bianco-3","title":{"rendered":"24 Carati bianco"},"content":{"rendered":"<p><strong>Trauben<br \/>\n<\/strong>Wei\u00dfwein Italien<\/p>\n<p><strong>Weinberge<\/strong><br \/>\nAlte Weinberge in den Ancarano-H\u00fcgeln, in Guyot-Reihen erzogen<\/p>\n<p><strong>Boden<br \/>\n<\/strong>Die B\u00f6den haben vielf\u00e4ltige und zusammengesetzte morphologische Eigenschaften mit einer starken Pr\u00e4senz von kalkhaltigen Bereichen, die reich an Galestro und Ton sind.<\/p>\n<p><strong>Pflanzdichte<\/strong><br \/>\n4700 Rebst\u00f6cke\/ha<\/p>\n<p><strong>Weinherstellung<\/strong><br \/>\nDie Trauben werden ausschlie\u00dflich von Hand gelesen und anschlie\u00dfend selektiert. Sehr sanftes Pressen und Entrappen der Trauben und anschlie\u00dfende G\u00e4rung im Holz<\/p>\n<p><strong>Verfeinerung<\/strong><br \/>\nVeredelt in Stahl und dann in der Flasche<\/p>\n<p><strong>Organoleptische Eigenschaften<\/strong><br \/>\nOrganoleptische Eigenschaften Farbe Goldgelb, elegant und mineralisch. Reichhaltiges und komplexes Bukett, mit Noten von Honig, Pfirsich und Zitrusfr\u00fcchten. Frischer, weicher, w\u00fcrziger und anhaltender Wein<\/p>\n<p><strong>Auszeichnungen<br \/>\n<\/strong>Mundus Vini GOLD Meininger 2023<br \/>\nDecanter 2023 Bronze<br \/>\nI migliori Vini Italiani Luca Maroni<br \/>\nZosimo Wine Critic 92 Points Silver Medal 2025 &#8211; 2026<br \/>\n29 Berliner Wine Trophy Gold 2024<br \/>\n5 StarWines The Book 2025 93 points<br \/>\nFalstaff Abruzzo, Marche, Molise Trophy 2025 93 Points<br \/>\nLuca Maroni 99 Punti Miglio Vino in Assoluto (bollino arcobaleno) 2025<\/p>\n<p>24 CARATI BIANCO 2022<br \/>\nMigliori Vini Italiani \u2013 Luca Maroni<\/p>\n<p>24 CARATI BIANCO 2021<br \/>\nMondus Vini Gold<\/p>\n<p><img fetchpriority=\"high\" decoding=\"async\" class=\"alignnone size-full wp-image-7747\" src=\"https:\/\/www.tenutaantonini.it\/wp-content\/uploads\/2023\/05\/et_RT-24-CARATI-BIANCO-RETRO.jpg\" alt=\"\" width=\"600\" height=\"814\" srcset=\"https:\/\/www.tenutaantonini.it\/wp-content\/uploads\/2023\/05\/et_RT-24-CARATI-BIANCO-RETRO.jpg 600w, https:\/\/www.tenutaantonini.it\/wp-content\/uploads\/2023\/05\/et_RT-24-CARATI-BIANCO-RETRO-221x300.jpg 221w\" sizes=\"(max-width: 600px) 100vw, 600px\" \/><\/p>\n","protected":false},"excerpt":{"rendered":"<p>Kostbar. Elegant. Raffiniert.<br \/>\nDas ist 24-kar\u00e4tiges Gold, unser 24 Carati, gewonnen aus der Auswahl der besten lokalen wei\u00dfen Trauben, die unter Ber\u00fccksichtigung der Zeit und der Bed\u00fcrfnisse der Natur angebaut werden, um ihre nat\u00fcrlichen Eigenschaften hervorzuheben.<br \/>\nNoten von Honig, Pfirsich und Zitrusfr\u00fcchten erobern Gaumen und Nase und bereiten ein einzigartiges, reichhaltiges und intensives Geschmackserlebnis vor.<\/p>\n<div class=\"abbinamento-div\"><strong>Perfekt mit <\/strong><img decoding=\"async\" class=\"alignnone size-full wp-image-5250\" src=\"https:\/\/www.tenutaantonini.it\/wp-content\/uploads\/2023\/05\/Abbinamenti_Trebbiano-24-Carati-Bianco-01.png\" alt=\"\" width=\"120\" height=\"36\" \/><\/div>\n<p><strong>Jahr<\/strong>: ND<br \/>\n<strong>Format<\/strong>: 750 ml<\/p>\n","protected":false},"featured_media":7170,"template":"","meta":{"_acf_changed":false},"product_brand":[],"product_cat":[73],"product_tag":[],"class_list":{"0":"post-8010","1":"product","2":"type-product","3":"status-publish","4":"has-post-thumbnail","6":"product_cat-weisweine","8":"first","9":"instock","10":"sale","11":"shipping-taxable","12":"purchasable","13":"product-type-simple"},"acf":[],"_links":{"self":[{"href":"https:\/\/www.tenutaantonini.it\/index.php?rest_route=\/wp\/v2\/product\/8010","targetHints":{"allow":["GET"]}}],"collection":[{"href":"https:\/\/www.tenutaantonini.it\/index.php?rest_route=\/wp\/v2\/product"}],"about":[{"href":"https:\/\/www.tenutaantonini.it\/index.php?rest_route=\/wp\/v2\/types\/product"}],"wp:featuredmedia":[{"embeddable":true,"href":"https:\/\/www.tenutaantonini.it\/index.php?rest_route=\/wp\/v2\/media\/7170"}],"wp:attachment":[{"href":"https:\/\/www.tenutaantonini.it\/index.php?rest_route=%2Fwp%2Fv2%2Fmedia&parent=8010"}],"wp:term":[{"taxonomy":"product_brand","embeddable":true,"href":"https:\/\/www.tenutaantonini.it\/index.php?rest_route=%2Fwp%2Fv2%2Fproduct_brand&post=8010"},{"taxonomy":"product_cat","embeddable":true,"href":"https:\/\/www.tenutaantonini.it\/index.php?rest_route=%2Fwp%2Fv2%2Fproduct_cat&post=8010"},{"taxonomy":"product_tag","embeddable":true,"href":"https:\/\/www.tenutaantonini.it\/index.php?rest_route=%2Fwp%2Fv2%2Fproduct_tag&post=8010"}],"curies":[{"name":"wp","href":"https:\/\/api.w.org\/{rel}","templated":true}]}}