{"id":8052,"date":"2023-05-18T15:38:30","date_gmt":"2023-05-18T13:38:30","guid":{"rendered":"https:\/\/www.tenutaantonini.it\/prodotto\/corium-montepulciano-dabruzzo\/"},"modified":"2026-04-01T13:30:48","modified_gmt":"2026-04-01T11:30:48","slug":"corium-montepulciano-dabruzzo-2","status":"publish","type":"product","link":"https:\/\/www.tenutaantonini.it\/?product=corium-montepulciano-dabruzzo-2","title":{"rendered":"Corium &#8211; Montepulciano D&#8217;Abruzzo"},"content":{"rendered":"<p><strong>Jahr<\/strong><br \/>\n2022<\/p>\n<p><strong>Typologie<\/strong><br \/>\nMontepulciano D&#8217;Abruzzo DOC<\/p>\n<p><strong>Rebsorten<\/strong><br \/>\nMontepulciano 100%<\/p>\n<p><strong>Weinberge<\/strong><br \/>\nEigentum, in Ankaran, gez\u00fcchtet in Guyot<\/p>\n<p><strong>Boden<\/strong><br \/>\nAlluvional, mittellehmig<\/p>\n<p><strong>Vinifikation<\/strong><br \/>\nLange Mazeration auf den temperaturgef\u00fchrten Schalen<\/p>\n<p><strong>Verfeinerung<\/strong><br \/>\n4 Monate<\/p>\n<p><strong>Organoleptische Eigenschaften<\/strong><br \/>\nIntensive rubinrote Farbe mit violetten Reflexen. Breite D\u00fcfte von reifen roten Fr\u00fcchten, blumige Noten von Veilchen und Rosa und feine s\u00fc\u00dfe w\u00fcrzige Noten. Von ausgezeichneter Struktur, warm, voll und reich an fruchtigen Noten<\/p>\n<p><strong>Auszeichnung<br \/>\n<\/strong>MONTEPULCIANO D\u2019ABRUZZO DOC 2022<br \/>\n\u2022 91 Points JamesSuckling.com<br \/>\n\u2022 Luca Gardini 92+ Ninety &#8211; Four\/100<br \/>\n\u2022 Mundus Vini GOLD Meininger 2023<br \/>\n\u2022 Decanter 2023 Silver<br \/>\n\u2022 27 Berlin Wine Trophy Gold 2023<br \/>\n\u2022 I migliori Vini Italiani Luca Maroni<br \/>\n\u2022 Untold due cavatappi<br \/>\n\u2022 Falstaff Abruzzo, Marche, Molise Trophy 2025 89 Points<br \/>\n\u2022 90 Points JamesSuckling.com 2024<\/p>\n<p>MONTEPULCIANO D\u2019ABRUZZO DOC 2021<br \/>\nMondus Vini Gold<\/p>\n<p>MONTEPULCIANO D\u2019ABRUZZO DOC 2020Mondus Vini GoldMigliori Vini Italiani \u2013 Luca Maroni<\/p>\n<p>MONTEPULCIANO D\u2019ABRUZZO DOC 2019Berliner Wine Trophy \u2013 GOLD<\/p>\n<p><img fetchpriority=\"high\" decoding=\"async\" class=\"alignnone size-full wp-image-7732\" src=\"https:\/\/www.tenutaantonini.it\/wp-content\/uploads\/2023\/05\/et_RT-CORIUM-MONTEPULCIANO-DOC.jpg\" alt=\"\" width=\"600\" height=\"794\" srcset=\"https:\/\/www.tenutaantonini.it\/wp-content\/uploads\/2023\/05\/et_RT-CORIUM-MONTEPULCIANO-DOC.jpg 600w, https:\/\/www.tenutaantonini.it\/wp-content\/uploads\/2023\/05\/et_RT-CORIUM-MONTEPULCIANO-DOC-227x300.jpg 227w\" sizes=\"(max-width: 600px) 100vw, 600px\" \/><\/p>\n","protected":false},"excerpt":{"rendered":"<p>Rot ist die Farbe der Leidenschaft. Stark, energisch, beladen, aufregend: unser Montepulciano d&#8217;Abruzzo ist genau so, umh\u00fcllend und vollmundig.<br \/>\nJeder Schluck l\u00e4dt dazu ein, seine sensorische Komplexit\u00e4t zu entdecken, sich aber auch von positiven Gef\u00fchlen durchdringen zu lassen und sie mit den Menschen an unserer Seite zu teilen.<\/p>\n<div class=\"abbinamento-div\"><strong>Perfekt mit <\/strong><img decoding=\"async\" class=\"alignnone size-full wp-image-5250\" src=\"https:\/\/www.tenutaantonini.it\/wp-content\/uploads\/2023\/05\/Abbinamenti_Montepulciano-01.png\" alt=\"\" width=\"120\" height=\"36\" \/><\/div>\n<p><strong>Format<\/strong>: 750 ml<br \/>\n<strong>Jahr<\/strong>: 2022<\/p>\n","protected":false},"featured_media":7161,"template":"","meta":{"_acf_changed":false},"product_brand":[],"product_cat":[72],"product_tag":[],"class_list":{"0":"post-8052","1":"product","2":"type-product","3":"status-publish","4":"has-post-thumbnail","6":"product_cat-nicht-kategorisiert","8":"first","9":"instock","10":"sale","11":"shipping-taxable","12":"purchasable","13":"product-type-simple"},"acf":[],"_links":{"self":[{"href":"https:\/\/www.tenutaantonini.it\/index.php?rest_route=\/wp\/v2\/product\/8052","targetHints":{"allow":["GET"]}}],"collection":[{"href":"https:\/\/www.tenutaantonini.it\/index.php?rest_route=\/wp\/v2\/product"}],"about":[{"href":"https:\/\/www.tenutaantonini.it\/index.php?rest_route=\/wp\/v2\/types\/product"}],"wp:featuredmedia":[{"embeddable":true,"href":"https:\/\/www.tenutaantonini.it\/index.php?rest_route=\/wp\/v2\/media\/7161"}],"wp:attachment":[{"href":"https:\/\/www.tenutaantonini.it\/index.php?rest_route=%2Fwp%2Fv2%2Fmedia&parent=8052"}],"wp:term":[{"taxonomy":"product_brand","embeddable":true,"href":"https:\/\/www.tenutaantonini.it\/index.php?rest_route=%2Fwp%2Fv2%2Fproduct_brand&post=8052"},{"taxonomy":"product_cat","embeddable":true,"href":"https:\/\/www.tenutaantonini.it\/index.php?rest_route=%2Fwp%2Fv2%2Fproduct_cat&post=8052"},{"taxonomy":"product_tag","embeddable":true,"href":"https:\/\/www.tenutaantonini.it\/index.php?rest_route=%2Fwp%2Fv2%2Fproduct_tag&post=8052"}],"curies":[{"name":"wp","href":"https:\/\/api.w.org\/{rel}","templated":true}]}}